{"id":22,"date":"2022-07-02T19:45:44","date_gmt":"2022-07-02T17:45:44","guid":{"rendered":"http:\/\/stage.riadlaterrassedesoliviers.com\/?post_type=room&#038;p=22"},"modified":"2026-08-28T21:00:43","modified_gmt":"2026-08-28T19:00:43","slug":"sakina","status":"publish","type":"room","link":"https:\/\/stage.terrasse-des-oliviers.com\/en\/room\/sakina\/","title":{"rendered":"Sakina"},"content":{"rendered":"\n<p><strong>La suite junior Sakina <\/strong>(la Tranquillit\u00e9), est situ\u00e9e au premier \u00e9tage du Riad et s\u2019ouvre sur le patio.<br>Cette chambre dispose de toilettes s\u00e9par\u00e9es et d\u2019un canap\u00e9 convertible.<\/p>\n","protected":false},"featured_media":179,"template":"","acf":[],"_links":{"self":[{"href":"https:\/\/stage.terrasse-des-oliviers.com\/en\/wp-json\/wp\/v2\/room\/22"}],"collection":[{"href":"https:\/\/stage.terrasse-des-oliviers.com\/en\/wp-json\/wp\/v2\/room"}],"about":[{"href":"https:\/\/stage.terrasse-des-oliviers.com\/en\/wp-json\/wp\/v2\/types\/room"}],"wp:featuredmedia":[{"embeddable":true,"href":"https:\/\/stage.terrasse-des-oliviers.com\/en\/wp-json\/wp\/v2\/media\/179"}],"wp:attachment":[{"href":"https:\/\/stage.terrasse-des-oliviers.com\/en\/wp-json\/wp\/v2\/media?parent=22"}],"curies":[{"name":"wp","href":"https:\/\/api.w.org\/{rel}","templated":true}]}}

<p><strong>La suite junior Sakina </strong>(la Tranquillité), est située au premier étage du Riad et s’ouvre sur le patio.<br>Cette chambre dispose de toilettes séparées et d’un canapé convertible.</p>
